. What are the prime factors of v?
2, 3
Let c = 111 + 26. Let a = 249 - c. List the prime factors of a.
2, 7
Let n = 66 - 62. Suppose -n*w - 213 = -597. List the prime factors of w.
2, 3
Let b(s) = -s**3 + 9*s**2 - 3*s - 3. Let q be b(9). Let z be (-6)/q + 1/(-5). List the prime factors of (19 - z) + 6 + -4.
3, 7
Let g(i) = 2*i**2 - 2*i + 3. Let f(n) = 3*n - 47. Let d be f(14). What are the prime factors of g(d)?
3, 7
What are the prime factors of (-10)/(-3)*(2373/2)/7?
5, 113
Let o(u) = -6*u - 1. Let a be o(1). Let z = a + 10. Suppose 0 = -m + 2*g + 12, -z*m - 60 = -8*m + g. What are the prime factors of m?
2, 3
Suppose -160*p + 165*p - a = 1666, 4*p = 3*a + 1324. What are the prime factors of p?
2, 167
Let j = -20 + 36. Suppose 0 = -2*i - 5*f - j + 4, i + 5*f + 6 = 0. List the prime factors of (9 + i)*32/3.
2
Let j(t) = 4*t + 9. Let d be j(-2). What are the prime factors of 1 + (122 - d) + (-4)/(-4)?
3, 41
Suppose -6*g + 5*g = -5*w - 2225, 5*g + 4*w = 11038. List the prime factors of g.
2, 5, 13, 17
Let u = -6 - -8. Let m be (u - 3) + 2 + 1. List the prime factors of m/(-2)*(5 - 32).
3
Suppose -2*h = -h + 69. Let q = h - -122. What are the prime factors of q?
53
Suppose 4*q - 2 = 4*m + 2, 6 = 2*q. Suppose -11 = -5*l - 2*w, m*l + w = 4 + 1. What are the prime factors of -1 - -2 - (-8 - l)?
2, 5
Let z = 4166 - 1510. List the prime factors of z.
2, 83
Let u be (-538)/(-10) + (-7)/(-35). Suppose -2*l + u = l. Suppose 3*f + x - 4*x = 36, 4*x = f - l. List the prime factors of f.
2, 5
Let o(s) = 95*s + 12. Let x(j) = -189*j - 24. Let k(q) = -7*o(q) - 4*x(q). Let v be k(9). What are the prime factors of 2/(-5) + v/15?
5, 11
Let a be 1 + (-5)/7 + (-36)/126. Suppose a*p + 300 = 3*p. List the prime factors of p.
2, 5
Suppose -4*n = 22 + 2. Let m = 34 - n. Suppose -3*o + m = -o. What are the prime factors of o?
2, 5
Let l(v) be the second derivative of 13*v**3/6 + 13*v**2 + 9*v. List the prime factors of l(14).
2, 13
Suppose k - 10 = -3*q, -2*k - q + 13 = -2*q. Let g = k + -7. Suppose 3*a - 54 = -2*b - 11, 3*b - 5*a - 55 = g. What are the prime factors of b?
2, 5
Let x(t) = -11*t**3 + 11*t**2 + 33*t - 1. List the prime factors of x(-4).
3, 83
Let i be 20/35 + (-24)/63*-9. Suppose i*m - 4 = 0, -3*h - h + 3*m + 185 = 0. List the prime factors of h.
47
Let l = -9181 + 12867. List the prime factors of l.
2, 19, 97
Let c(u) = 8*u + 2. Let s be c(2). Let r(g) = g**2 - 12*g - 31. What are the prime factors of r(s)?
7, 11
Suppose -7197*x + 2220 = -7191*x. List the prime factors of x.
2, 5, 37
Suppose -b + 23 = -4*t - 7, 3*t = -5*b + 35. Suppose c - 37 = -b. What are the prime factors of c?
3
Suppose 2*d + 11 - 37 = 0. List the prime factors of d.
13
Let c(m) = -12*m. Let v be (-5 - -4)*(4 + 0). Let n be c(v). Suppose 2*h - 56 = n. List the prime factors of h.
2, 13
Suppose t - 7 = -q - q, -3*t = -3*q - 3. Suppose -2*h + 2*a = -7 - 7, -q*h - 5*a = 14. Let i(l) = l**3 + 2*l**2 - 4*l + 1. List the prime factors of i(h).
2, 17
Suppose 4*t = 3*p + 11, -4*t = -2*p + 6*p - 32. Suppose -w - 2*w + 2*x = 105, -4*w = t*x + 140. List the prime factors of (224/w)/(1/(-5)).
2
Suppose 26688 = 43*x - 31*x. List the prime factors of x.
2, 139
Let x = 53 - 36. Suppose 5*h - 25 = 0, -7*h + 3*h + 5 = 3*t. Let b = x + t. What are the prime factors of b?
2, 3
Let q = -10 - -1472. What are the prime factors of q?
2, 17, 43
Let x be (-4)/(-14) - (-17901)/91. Suppose -3*t + x = 29. What are the prime factors of t?
2, 7
Suppose -80 - 155 = -5*u. Suppose 11*t - u - 107 = 0. What are the prime factors of t?
2, 7
Suppose 4*h + b = -2*b - 134, -h - b = 33. Let m = -32 - h. List the prime factors of m.
3
Let d = 30 - 28. Let p be 126/(-45) - d/10. Let q(s) = -16*s + 1. What are the prime factors of q(p)?
7
Suppose 4*d - 2*r = 2*r + 164, 172 = 4*d - 2*r. Suppose q - d - 110 = -3*y, -211 = -4*y + 3*q. What are the prime factors of y?
2, 13
Let l = 411 + -94. What are the prime factors of l?
317
Let r be (1 - -2) + 1 - 1. Let o be ((-1)/r)/((-1)/66). Suppose 4*z - 100 = -4*t, 2*t = -z - 2*t + o. What are the prime factors of z?
2, 13
Let m(d) = 10*d - 4. Suppose 4*o + 1 = w - 1, 0 = 5*o - 15. Let q(t) = t**2 - 13*t - 10. Let y be q(w). What are the prime factors of m(y)?
2, 3
Let j be (1 + 0)*-2 - 7. Let l be (j/6)/((-9)/12). Suppose 0*m - l*m = -12. List the prime factors of m.
2, 3
Let z(l) = -l**3 - 8*l**2 - 9*l - 8. Let o = -14 - -7. Let y be z(o). List the prime factors of 3 + (6 + 3)*y.
3, 19
Let a(o) = 22*o - 17. List the prime factors of a(6).
5, 23
Let c(p) = 41*p + 134. Let w(u) = 8*u + 27. Let g(r) = 4*c(r) - 22*w(r). List the prime factors of g(-16).
2, 67
Suppose w = 3*a - 888 - 983, 2486 = 4*a + 3*w. What are the prime factors of a?
7, 89
Let i = -64 + 75. Suppose s - 348 = -i*s. List the prime factors of s.
29
Let a be 4/(-6) + 1044/27. Let i = a + 15. What are the prime factors of i?
53
Let d = 57 - 29. List the prime factors of 487/7 + 12/d.
2, 5, 7
Suppose 0 = t + 5*d - 12, -2*t + 20*d = 15*d - 84. What are the prime factors of t?
2
Let t(q) = q**2 + 12*q + 14. Let n be t(-10). Let x be (-9)/4*32/n. Let w(z) = 2*z - 9. List the prime factors of w(x).
3, 5
Let h(d) = -2*d + 4 + 5 - 3*d + d. What are the prime factors of h(-7)?
37
Suppose -3 = -6*v + 3. List the prime factors of v/(4*5/920).
2, 23
Let d = -2369 - -3790. Suppose 7*v - d = -350. List the prime factors of v.
3, 17
Suppose -3*q + 6175 = 4*l, -46*l = -4*q - 41*l + 8223. List the prime factors of q.
11, 17
Suppose -4*y + 1548 = 4*c, -4*c - 273 = -y + 134. List the prime factors of y.
17, 23
Let v(a) = 102*a**2 - 10*a + 15. What are the prime factors of v(4)?
1607
Let p = 272 - 147. Suppose 17 = -4*w + p. List the prime factors of w.
3
Suppose -5*k - z = z, -17 = -k + 3*z. Let p(m) = -m**2 + 5*m - 2. Let l be p(k). Suppose 2*v - 5*v + 88 = 2*j, -l*j - v = -166. What are the prime factors of j?
41
Let i(s) = -s**3 - 6*s**2 - 17*s - 12. Let q be i(-7). Suppose 4*f - q = -28. List the prime factors of f.
2
Let o = -11392 - -16733. What are the prime factors of o?
7, 109
Let l = -56 + 58. Suppose -4*a + 2*q = -464, 358 = a + l*a - 4*q. List the prime factors of a.
2, 3, 19
Let u = 8 + -5. Let p = u - -2. Suppose 0 = -p*k + 3*b + 76, -2*b = 2 + 2. List the prime factors of k.
2, 7
Suppose -16 = 4*z, 5*w - 5 = -4*z + 9. List the prime factors of (1 - 0)/(w/354).
59
Let g = -459 + 642. What are the prime factors of g?
3, 61
Let w(u) = -2*u**2 - 16*u - 15. Let k(i) = i**2 + 8*i + 8. Let q(g) = 9*k(g) + 4*w(g). Let h be q(-13). Let o = h - 53. What are the prime factors of o?
2, 3
Suppose 5*n = 3*v - 2773, 8*v - 5*v - 2753 = n. List the prime factors of v.
2, 229
Let p(v) = v**2 + 41*v + 152. List the prime factors of p(18).
2, 607
What are the prime factors of (28 - 3)*(20 + -5 + -4)?
5, 11
Let p(o) be the third derivative of o**4/24 + 13*o**3/6 + 10*o**2. Let h be p(-7). What are the prime factors of (-114)/(-9) + h/(-9)?
2, 3
Suppose 42*j - 5562 = 61848. What are the prime factors of j?
3, 5, 107
Let o = -80 - -86. Suppose -8*u + o*u + 172 = 0. What are the prime factors of u?
2, 43
Let i be (-4 + -3)*1*-13. List the prime factors of 2171/i + 45/21 + -2.
2, 3
Suppose 0*r = 5*r + 205. Let m = r + 86. Suppose -3*s = 3*f - m, s + 88 = 4*f - 2*s. What are the prime factors of f?
19
Let z(t) = 13*t - 2. Let x be z(4). Suppose -50 = -2*p + x. List the prime factors of (-12)/18 + p/3.
2
Let q = -14 + 19. Let v = q + 10. List the prime factors of ((-45)/(-25))/(1/v).
3
Let j = -429 - -981. List the prime factors of j.
2, 3, 23
Suppose 0 = -5*r - 4*n + 24252, 0 = 101*n - 98*n + 6. What are the prime factors of r?
2, 1213
Let m(a) = -a**2 + 9*a - 3. Let f be ((-35)/14)/((-2)/4). Let b be (-4 - -5)/1 + f. What are the prime factors of m(b)?
3, 5
Suppose -24*u + 3684 = -12*u. List the prime factors of u.
307
Let l(o) = 2*o + 18. Let t be l(0). Let d be 45/4 - (-3)/(-12). List the prime factors of d/3 + (-12)/t.
3
Suppose 12 = -2*t - 34. Let z = t - -112. What are the prime factors of z?
89
Let r be 132/9*1*15. Suppose 4*m = -m - r. Let u = -31 - m. What are the prime factors of u?
13
Let r = 28 + -21. Suppose r*g = 4*g. Suppose -5*y = -2*y - 3*c - 162, 5*c = g. What are the prime factors of y?
2, 3
Suppose 0 = 5*m - 0*m - 15. Let 